m, 24 = 2*n + 5*h. Calculate the greatest common divisor of n and j.
22
Suppose -5*m + 15 + 20 = -x, 3*m - 3*x - 9 = 0. Suppose -224 = -40*a + 12*a. What is the greatest common factor of m and a?
8
Suppose 4*l - 70 = -6*l. Suppose 0 = -2*b + l*b - 315. What is the highest common divisor of 18 and b?
9
Let w be (4/(-12))/(2/(-66)) - 3. Let n be (-6*w/16)/((-6)/140). What is the highest common divisor of 10 and n?
10
Let d(x) = -x**3 - 49*x**2 - 7*x - 43. Let i be d(-49). What is the greatest common factor of i and 24?
12
Let z be -1 - (-24 - 0)*1. Suppose -s = -119 + z. Let p(n) = 2*n**2 + 3*n - 2. Let x be p(2). Calculate the highest common factor of s and x.
12
Let n = -44 - -83. What is the greatest common factor of n and 3?
3
Let c = 46 + -28. Suppose -15*i = -33*i + 1458. What is the highest common factor of c and i?
9
Suppose -4*h - 5*n = 30, 0*h - 2*n = 2*h + 14. Let v(s) = -58*s + 2. Let r be v(h). Suppose -22 = 5*j - r. Calculate the highest common divisor of j and 6.
6
Let a be (15 - (10 - 2))*(-1)/(-1). Calculate the highest common factor of 14 and a.
7
Let q(n) = 3*n - 7. Let i be q(7). Let x be (-6)/(-14) + 92/i. Suppose 0 = -2*f + 7 + x. What is the highest common factor of f and 7?
7
Let f = 18 - 12. Let q be (-2*(3 + -8))/(2/3). Calculate the greatest common divisor of f and q.
3
Let d = 42 + 53. Let k = 216 - d. Let x be 1/1 + 15 + -5. Calculate the greatest common factor of x and k.
11
Let f(y) = -15*y**2 + y. Let b be f(1). Let p be b/(-21) + (-4)/(-3). Let s = -31 + 53. What is the highest common factor of p and s?
2
Let t = 20 - -2. Let w(b) = -b**3 + 6*b**2 + 3*b + 4. Let k be w(5). What is the highest common divisor of k and t?
22
Let r = -47 - -80. Let n(u) be the second derivative of -u**4/12 + u**3/6 + 3*u**2/2 - 2*u. Let d be n(0). What is the greatest common divisor of r and d?
3
Let t be (-2 - (4 + -7)) + 2. Suppose 4*y - 5*c = 2*y - 18, 1 = -t*y + c. Calculate the highest common divisor of 9 and y.
1
Let w = -30705 + 30712. Let l be (0 - (-2)/6)*21. What is the greatest common factor of l and w?
7
Let z = 143 - -85. What is the greatest common divisor of 36 and z?
12
Let d = 16 - 22. Let f = d - -9. Suppose m = -l + 3, -2*l = -4*m - l + 7. What is the highest common divisor of f and m?
1
Let b be (((-20)/(-6))/(-5))/(39/(-1755)). Let h(z) = z**3 + z**2 + z + 6. Let y be h(0). Calculate the highest common factor of y and b.
6
Let w be 136 + 1 + 20 + -12. Calculate the highest common divisor of w and 58.
29
Suppose 0 = 3*j - 5*f - 10, -16*j = -18*j + 2*f + 12. What is the highest common divisor of 810 and j?
10
Let y = 73 + -53. Let k be (-5)/2 - (-350)/y. Suppose -2*j - 2*j = -60. What is the highest common factor of k and j?
15
Let v(j) = -3*j - 7. Let u be v(-6). Suppose -u = -3*c + 13. Suppose c = -2*q - 4*w, -2*w + 3*w - 7 = -2*q. What is the greatest common factor of q and 9?
3
Let v = -520 - -993. What is the greatest common factor of 77 and v?
11
Suppose 5*o - 2*k = 138, -2*k - 4 = 4. Let l(w) = 105*w**2 - 1. Let r be l(-1). Calculate the greatest common factor of r and o.
26
Let i(x) = 2*x**3 - 1. Let v be i(-1). Let k be (-286)/(-3) + 1/v. Suppose 280 = 5*h - k. Calculate the greatest common factor of h and 15.
15
Suppose h = -1, -17*h + 12*h = 2*r - 291. What is the greatest common factor of r and 37?
37
Let k(r) = 55*r**2 - 2*r + 3. Let g = 55 + -54. Let l be k(g). Calculate the highest common factor of l and 7.
7
Let n(p) = -45*p - 22. Let b be n(-11). Calculate the greatest common divisor of 86 and b.
43
Let x(b) be the first derivative of 1/3*b**3 + 1 - 11/2*b**2 - 10*b. Let a be x(12). Calculate the highest common factor of 2 and a.
2
Let k be (6/(-4))/(6/(-20)). Suppose 5*l = -3*v + 615, 6*l + v - 373 = 3*l. Suppose -4*h + 74 = -l. What is the greatest common factor of k and h?
5
Let h(y) = -y**2 + 30*y - 45. Let l be h(27). What is the highest common divisor of 36 and l?
36
Suppose -42 = -2*o - 38. Suppose 74 = 4*j - 2*c, -c = -4*j - o*c + 89. Calculate the greatest common divisor of 14 and j.
7
Let m = -115 + 194. Let r = m - -1. Calculate the greatest common divisor of 10 and r.
10
Suppose -28 + 98 = -7*w. Let f = w + 24. Calculate the greatest common divisor of f and 14.
14
Let d be 1/(0 - 1)*-13. Let n = d + -11. Suppose -28 - n = -t. Calculate the highest common divisor of 12 and t.
6
Let n(j) = -j**2 - 2*j + 6. Let r be n(0). Let k be 6*5/15*9. What is the greatest common factor of k and r?
6
Suppose 18 = a - 2*l, -3*a - 5*l + 6 = -37. Calculate the greatest common divisor of a and 112.
16
Let h(l) = 13*l**3 + 1. Let s be h(1). Calculate the highest common divisor of s and 14.
14
Let h(n) be the first derivative of n**2 + 14*n + 9. Let l be h(-7). Suppose l = 7*r - 8*r + 176. Calculate the highest common factor of r and 16.
16
Let k(a) = 16*a - 41. Let o be k(6). What is the highest common divisor of 495 and o?
55
Let x(z) = -41*z + 3. Let c be x(1). Let d = 94 + c. Calculate the greatest common factor of 16 and d.
8
Suppose 2*y + q + q = 4, -2*y + 1 = 5*q. Suppose 5 = -y*j + 17. Suppose -3*f - 15 = -j*f. Calculate the greatest common factor of 10 and f.
5
Let a = 12 + 22. Suppose -2*t = 5*l - l - a, t = 3*l - 13. Calculate the greatest common factor of 27 and l.
3
Let f be (3 - 8)*(-8)/10. Let n(d) = 42*d + 88. Let y be n(-2). Calculate the greatest common divisor of f and y.
4
Suppose 0 = -8*y + 20 + 12. Let j(r) be the second derivative of 3*r**3/2 - 3*r**2 + 2*r. Let g be j(y). Calculate the highest common factor of 10 and g.
10
Let u = -31 + 35. Suppose 0 = 6*q - u - 2. Calculate the greatest common divisor of 3 and q.
1
Let k(l) = 3*l**2 + l + 1. Let w be k(3). Let y(b) = 10*b**2 + 403*b - 70. Let v be y(-41). What is the highest common divisor of w and v?
31
Suppose 0 = -10*u + 26*u - 736. Calculate the greatest common divisor of 299 and u.
23
Let p = 1979 - 971. What is the highest common factor of 42 and p?
42
Suppose -44*k = -37*k - 112. What is the greatest common factor of k and 368?
16
Let c(j) = 147*j + 159. Let f be c(-1). What is the greatest common divisor of 402 and f?
6
Suppose 0 = y + 17 - 50. Suppose 36*w = -80*w + 1276. Calculate the highest common divisor of y and w.
11
Let y = -19 + 11. Let m be (y + 7)/(1/96). Let q = -28 - m. What is the highest common factor of 17 and q?
17
Let b be ((-3)/(-9))/((-2)/(-18)). Suppose -3*o + 42 = b. Let q = 84 + 7. Calculate the greatest common divisor of q and o.
13
Let p(d) = d**3 + 6*d**2 + 2*d - 5. Let r be p(-5). What is the highest common divisor of 40 and r?
10
Let w be 12 + 3 + -2 + -2. Let l(x) be the first derivative of -x**3/3 + 6*x**2 - 5*x + 11. Let a be l(9). What is the greatest common divisor of a and w?
11
Let d(u) = -u**3 + 5*u**2 + 4*u - 2. Let g be d(7). Let n = g + 135. Let x be (-4)/(-7) - (-1035)/n. Calculate the highest common divisor of x and 85.
17
Let f = 7 + -11. Let w be ((-21)/6)/(f/(-8)). Let g = w - -82. Calculate the greatest common factor of g and 30.
15
Suppose 5*v - p = 380, -5*v + 0*p + 390 = p. Let j be 1/(-1)*2*10. Let o be (-51)/(-7) - j/(-70). What is the highest common factor of v and o?
7
Suppose f = 4*f. Suppose -5*r = -f*r - 230. Let s(x) = 3*x**2 - 4*x + 5. Let p be s(-4). Calculate the greatest common divisor of p and r.
23
Let w(x) = 3*x + 4*x**2 - 5*x**2 - 5 + 3 + 3*x. Let q be w(3). What is the highest common factor of q and 7?
7
Suppose -4*p + 3 = 11. Let v be 6 - 4 - 2/p. Suppose 39 - 6 = v*z. Calculate the greatest common factor of z and 11.
11
Suppose 3*l = -13 + 67. Let v be 20/(-5) + l/2. Suppose -4 = -f + v*j, f - j - 4 = -3*j. Calculate the greatest common factor of f and 4.
4
Let f(y) = 12*y - 6. Let s be 2*3/(-12)*-6. Let h be f(s). Suppose 0 = -4*u, 2*l = -2*l - 5*u + 24. Calculate the greatest common divisor of l and h.
6
Let a(n) = n**3 - 6*n**2 + 8*n - 3. Let b be a(7). Calculate the greatest common divisor of b and 12.
6
Let y = 1076 - 764. Calculate the greatest common factor of 72 and y.
24
Let b(u) = -2*u - 30. Let z be b(-18). Suppose 6 = 6*r - z. What is the greatest common divisor of r and 18?
2
Let p(r) = 2*r + 39 - 42 - r + 0*r. Let t = 9 - 2. Let v be p(t). Calculate the greatest common factor of 36 and v.
4
Suppose -c - 54*l = -52*l - 280, 308 = c - 5*l. Su